Is 97 a multiple of 57?
False
Is 11014 a multiple of 3?
False
Is 7 a factor of 5266?
False
Does 15 divide 315?
True
Does 3 divide 43?
False
Does 46 divide 45448?
True
Is 12518 a multiple of 22?
True
Is 488 a multiple of 11?
False
Does 49 divide 110?
False
Does 4 divide 23407?
False
Does 13 divide 13637?
True
Is 727 a multiple of 3?
False
Is 26750 a multiple of 24?
False
Is 32 even?
True
Is 713 a multiple of 29?
False
Does 6 divide 283?
False
Is 40 a factor of 12029?
False
Is 761 a multiple of 30?
False
Does 8 divide 16885?
False
Does 9 divide 51?
False
Is 30704 a multiple of 4?
True
Does 15 divide 21193?
False
Is 7210 a multiple of 10?
True
Is 7038 a multiple of 34?
True
Is 6504 a multiple of 24?
True
Is 15109 a multiple of 29?
True
Is 195521 a multiple of 43?
True
Is 15 a factor of 10920?
True
Is 2327 a multiple of 13?
True
Does 10 divide 33150?
True
Does 42 divide 44674?
False
Is 21216 a multiple of 104?
True
Does 53 divide 742?
True
Is 2940 a multiple of 30?
True
Is 36 a factor of 1328?
False
Is 2 a factor of 304?
True
Is 266 a multiple of 38?
True
Is 17 a factor of 78081?
True
Does 46 divide 6164?
True
Does 17 divide 4253?
False
Is 87 a multiple of 3?
True
Is 8 a factor of 784?
True
Does 22 divide 38106?
False
Is 190 a factor of 6460?
True
Is 1950 a multiple of 30?
True
Does 9 divide 1499?
False
Is 34 a factor of 2545?
False
Is 34 a factor of 32198?
True
Is 28986 a multiple of 20?
False
Is 6468 a multiple of 12?
True
Does 18 divide 7182?
True
Does 24 divide 38376?
True
Does 18 divide 15120?
True
Is 1470 a multiple of 15?
True
Is 45 a factor of 765?
True
Does 30 divide 39297?
False
Is 16 a factor of 123?
False
Is 2730 a multiple of 91?
True
Is 72512 a multiple of 206?
True
Is 26 a factor of 1358?
False
Does 10 divide 8658?
False
Does 18 divide 571?
False
Is 23 a factor of 421?
False
Does 11 divide 1416?
False
Is 57855 a multiple of 95?
True
Does 25 divide 9606?
False
Is 6815 a multiple of 40?
False
Is 55 a factor of 283?
False
Is 19993 a multiple of 16?
False
Does 41 divide 1163?
False
Does 24 divide 10752?
True
Does 16 divide 5520?
True
Is 2264 a multiple of 5?
False
Does 57 divide 4256?
False
Does 23 divide 38134?
True
Is 1275 a multiple of 15?
True
Is 1039 a multiple of 27?
False
Is 183 a factor of 43820?
False
Does 31 divide 992?
True
Is 6414 a multiple of 119?
False
Is 13 a factor of 20878?
True
Is 29 a factor of 28971?
True
Is 24 a factor of 1080?
True
Does 82 divide 20336?
True
Is 1845 a multiple of 9?
True
Does 101 divide 10962?
False
Is 13 a factor of 15817?
False
Does 9 divide 2278?
False
Is 322 a multiple of 14?
True
Is 856 a multiple of 10?
False
Is 434 a multiple of 6?
False
Is 223 a multiple of 8?
False
Is 6791 a multiple of 4?
False
Is 5592 a multiple of 18?
False
Is 49 a factor of 666?
False
Is 6048 a multiple of 126?
True
Is 42 a factor of 7400?
False
Is 7621 a multiple of 60?
False
Is 19 a factor of 6350?
False
Is 10 a factor of 410?
True
Is 306 a multiple of 9?
True
Does 6 divide 954?
True
Is 12 a factor of 53451?
False
Is 48 a multiple of 8?
True
Does 42 divide 13354?
False
Is 244 a factor of 102879?
False
Does 42 divide 2604?
True
Does 141 divide 16779?
True
Does 29 divide 3567?
True
Does 13 divide 58?
False
Does 4 divide 32?
True
Is 10 a factor of 250?
True
Is 5226 a multiple of 3?
True
Is 116 a multiple of 73?
False
Does 76 divide 371?
False
Does 16 divide 4913?
False
Is 2 a factor of 105?
False
Is 63 a factor of 756?
True
Is 17 a factor of 27485?
False
Does 45 divide 540?
True
Is 54 a factor of 25888?
False
Is 60 a factor of 1740?
True
Does 3 divide 418?
False
Is 13254 a multiple of 47?
True
Is 1521 a multiple of 10?
False
Is 156 a multiple of 3?
True
Is 9095 a multiple of 14?
False
Does 9 divide 45789?
False
Does 98 divide 5053?
False
Is 2405 a multiple of 105?
False
Does 5 divide 1868?
False
Is 5 a factor of 565?
True
Is 9 a factor of 3285?
True
Does 79 divide 630?
False
Is 5507 a multiple of 5?
False
Is 20754 a multiple of 12?
False
Is 357 a multiple of 3?
True
Does 20 divide 21720?
True
Is 674 a multiple of 34?
False
Is 120712 a multiple of 191?
True
Is 420 a multiple of 7?
True
Is 21 a factor of 90?
False
Is 86 a factor of 10507?
False
Is 11 a factor of 12595?
True
Is 4 a factor of 10284?
True
Is 22763 a multiple of 13?
True
Is 4600 a multiple of 20?
True
Is 35 a factor of 11305?
True
Is 3763 a multiple of 28?
False
Does 107 divide 11449?
True
Is 5640 a multiple of 60?
True
Is 31496 a multiple of 19?
False
Is 32 a factor of 5088?
True
Is 478 a multiple of 37?
False
Is 5 a factor of 490?
True
Is 10 a factor of 695?
False
Does 20 divide 8409?
False
Is 8200 a multiple of 164?
True
Is 17 a factor of 63716?
True
Is 13 a factor of 2252?
False
Does 30 divide 3210?
True
Is 61081 a multiple of 120?
False
Does 10 divide 2373?
False
Is 3313 a multiple of 15?
False
Does 28 divide 12969?
False
Is 6276 a multiple of 70?
False
Is 936 a multiple of 18?
True
Is 217 a factor of 13426?
False
Does 41 divide 12095?
True
Does 20 divide 50655?
False
Is 5 a factor of 67?
False
Is 1875 a multiple of 5?
True
Is 27 a factor of 2651?
False
Is 7337 a multiple of 23?
True
Does 2 divide 1732?
True
Does 30 divide 648?
False
Is 14 a factor of 84?
True
Is 4 a factor of 276?
True
Is 3 a factor of 158?
False
Does 16 divide 25692?
False
Is 90 a factor of 1311?
False
Does 95 divide 36500?
False
Is 33026 a multiple of 49?
True
Is 465 a multiple of 17?
False
Is 111 a factor of 1624?
False
Is 22263 a multiple of 41?
True
Is 6572 a multiple of 62?
True
Does 118 divide 4012?
True
Is 19461 a multiple of 20?
False
Is 38 a factor of 190?
True
Does 93 divide 963?
False
Is 14670 a multiple of 163?
True
Does 23 divide 596?
False
Is 363 a multiple of 33?
True
Is 3634 a multiple of 28?
False
Is 6003 a multiple of 17?
False
Is 14 a factor of 1008?
True
Does 38 divide 15060?
False
Does 2 divide 37?
False
Does 41 divide 820?
True
Is 21 a factor of 832?
False
Is 173 a factor of 2595?
True
Does 2 divide 358?
True
Is 14420 a multiple of 129?
False
Is 11 a factor of 94688?
True
Does 9 divide 1935?
True
Is 1366 a multiple of 29?
False
Is 14308 a multiple of 146?
True
Is 85 a factor of 1870?
True
Is 23 a factor of 7001?
False
Is 91 a factor of 16471?
True
Is 2424 a multiple of 4?
True
Is 10 a factor of 21300?
True
Is 43 a factor of 1032?
True
Is 2281 a multiple of 20?
False
Does 20 divide 1387?
False
Does 110 divide 34296?
False
Is 15 a factor of 4575?
True
Is 83 a factor of 1382?
False
Does 104 divide 13333?
False
Is 4177 a multiple of 8?
False
Is 78 a factor of 775?
False
Is 2413 a multiple of 27?
False
Is 21672 a multiple of 24?
True
Is 3560 a multiple of 20?
True
Is 2108 a multiple of 39?
False
Does 16 divide 752?
True
Is 10 a factor of 490?
True
Is 118 a multiple of 23?
False
Is 13 a factor of 1352?
True
Is 1428 a multiple of 34?
True
Does 3 divide 780?
True
Is 84 a factor of 22596?
True
Is 5 a factor of 3572?
False
Does 83 divide 2311?
False
Is 60602 a multiple of 193?
True
Does 24 divide 9240?
True
Is 969 a multiple of 3?
True
Is 4 a factor of 285?
False
Does 16 divide 944?
True
Is 108 a multiple of 9?
True
Does 52 divide 5601?
False
Is 2550 a multiple of 32?
False
Does 147 divide 6162?
False
Is 20 a factor of 1550?
False
Does 38 divide 14896?
True
Is 33809 a multiple of 16?
False
Is 2640 a multiple of 10?
True
Is 7 a factor of 55?
False
Is 8352 a multiple of 16?
True
Is 18 a factor of 146?
False
Does 8 divide 208?
True
Is 53 a factor of 12932?
True
Does 21 divide 19586?
False
Does 24 divide 21306?
False
Does 8 divide 2162?
False
Is 594 a multiple of 11?
True
Is 1552 a multiple of 14?
False
Does 9 divide 41?
False
Does 10 divide 1900?
True
Is 6 a factor of 26049?
False
Is 140 a factor of 80780?
True
Is 2 a factor of 168?
True
Is 832 a multiple of 57?
False
Does 11 divide 3048?
False
Is 63 a factor of 275?
False
Is 1294 a multiple of 53?
False
Is 104 a factor of 45255?
False
Is 11 a factor of 1210?
True
Is 85 even?
False
Is 23 a factor of 1152?
False
Does 8 divide 13168?
True
Is 135 a factor of 3897?
False
Is 118 a factor of 5114?
False
Is 16 a factor of 2667?
False
Is 3 a factor of 5237?
False
Is 1667 even?
False
Does 4 divide 436?
True
Does 23 divide 552?
True
Is 2082 a multiple of 6?
True
Does 45 divide 7155?
True
Does 4 divide 992?
True
Is 25 a factor of 2